e factors of z.
11
Let r = -276 + 456. List the prime factors of r.
2, 3, 5
Let d be 7/14 - 3/(-2). Suppose -h + d*h = 4*w - 154, 0 = -w - 3*h + 32. What are the prime factors of w?
2, 19
Suppose 2*i = 79 + 101. List the prime factors of i.
2, 3, 5
What are the prime factors of 3 + (0 + 1)*(-1 - -4)?
2, 3
Let f = -12 - -9. What are the prime factors of -1 + 3/(f/(-25))?
2, 3
Suppose -2*p = 2*p - 20. Suppose -2*h + 24 = 4*d, p*d + 0*d = -h + 24. Suppose 0*g + 2*g = h*b - 40, -3*g = -2*b + 16. What are the prime factors of b?
11
Let i be ((-24)/(-10))/((-2)/(-10)). Let o = i - 7. Suppose 0 = -o*r - 2*z + 14, 0 = r + 4*z - 1 - 9. List the prime factors of r.
2
Let i be (-3)/(6/(-4)) + 2. Suppose -5*n + 1 = -i*n. Let s = n + 11. What are the prime factors of s?
2, 3
Let f(d) = d**2 + 7*d + 6. Let w be f(-6). Let r = 2 + w. What are the prime factors of r?
2
Let x(t) = 2*t - 3. Let b(s) = -3*s**3 - s**2 + 2*s - 1. Let w be b(1). Let p be x(w). What are the prime factors of (p/(-2))/(3/6)?
3
Let i = 119 + 14. What are the prime factors of i?
7, 19
Suppose -2*m + 0*m = 0. Let w(k) = -k**2 - k + 23. List the prime factors of w(m).
23
Let c = 285 - 113. List the prime factors of c.
2, 43
Suppose 0 = 2*p + 2, 3*p = 3*w + w - 779. List the prime factors of w.
2, 97
Suppose -71 = -5*o + 49. Suppose o + 28 = 2*m. What are the prime factors of m?
2, 13
Let o(u) = 3*u**2 + u + 1. Let c be o(-1). Suppose 0 = c*n - 0*n - 51. List the prime factors of n.
17
Suppose 2*a + 20 = 6*a. Suppose -a*f + 176 = i, i - 132 = -4*f - 2*i. List the prime factors of f.
2, 3
Suppose 0 = -v + 5*x - 5, 5*v - 3 = -x - 2*x. Suppose -4*j - 16 = 4*p, 0 = 3*p - v*p + 4*j + 17. What are the prime factors of (-1)/p + (1 - -5)?
5
List the prime factors of 117/6 + (28/8 - 3).
2, 5
Let v(f) be the second derivative of -f**5/60 - f**4/24 + 2*f**3/3 + f**2 + 3*f. Let j(u) be the first derivative of v(u). List the prime factors of j(0).
2
Let q be (-6)/(-9) - (-21)/9. Let n = 3 + q. List the prime factors of n.
2, 3
What are the prime factors of (-100)/(-30)*1*3?
2, 5
Let x(t) = 4*t + 88. List the prime factors of x(-11).
2, 11
Let l = -11 - -23. Let s = 0 - l. What are the prime factors of (-3 + 6)/((-9)/s)?
2
Suppose -5*r + 2*q - 534 = 6*q, -q - 1 = 0. What are the prime factors of 1/(3 + r/36)?
2, 3
Let w(y) = -2*y - 9. Let m(p) = 5*p + 28. Let h(l) = 2*m(l) + 7*w(l). Let n(u) = -u**2 + 7*u - 11. Let s be n(6). List the prime factors of h(s).
13
Let n be 2 + 0 - (-4 + 1). Let p(o) = 2*o - 7. Let d be p(n). Suppose 34 = d*x - 5*s, 0*x + 3*s = -2*x + 48. What are the prime factors of x?
2, 3
Suppose a = 10 - 5. Let r = a - 3. List the prime factors of r.
2
Suppose -4*k - 2*p + 78 = 0, p - 6*p + 27 = 2*k. List the prime factors of k.
3, 7
Suppose 12 + 8 = -4*c, -2*s + 71 = 5*c. What are the prime factors of s?
2, 3
Let x = 2 - -1. Let h be (3/(-1))/(x/(-10)). Let v = h - -7. What are the prime factors of v?
17
Suppose -7*c + 117 = -107. What are the prime factors of c?
2
Let b be (6/(-4))/(2/4). Let o = -1 - b. Suppose 5*i = -2*g + 48, o*g - 5*g + 7 = i. List the prime factors of i.
2, 5
Let o(b) = 5*b - 14. Let w be o(-6). Let u = -26 - w. What are the prime factors of u?
2, 3
Let p be 1/(-2) - (-108)/24. What are the prime factors of 1 - p - -7 - -2?
2, 3
Suppose -k - 4*k + 5*a = 10, 15 = 5*a. Let y be (k + 3/9)*15. What are the prime factors of (-10)/(-4)*112/y?
2, 7
Let v be 0 + 22 - -1*2. Suppose k + 1 = 0, -4*f - v - 53 = 5*k. Let z = f - -27. List the prime factors of z.
3
Let l be (24/20)/((-2)/(-65)). Suppose 3 = -4*g + l. List the prime factors of g.
3
Suppose 2*b - b - 15 = 0. What are the prime factors of (1/(-3))/((-1)/b)?
5
Let x(b) = -b**3 + b**2 + b + 45. What are the prime factors of x(0)?
3, 5
Suppose l - 2*l = 8. Let t = 15 + l. What are the prime factors of t?
7
Let w(y) = y**3 + y + 3. Let f be w(0). Suppose -10 - 32 = 5*a + v, -f*v - 30 = 3*a. What are the prime factors of 1/a*-10*8?
2, 5
Suppose -3*z + 17 = i, -3*i + 5*i - 13 = -3*z. Suppose 29 = 4*s - z. List the prime factors of s.
3
Suppose 2*p + 274 = 2*x, 3*p - 435 = -3*x - 0*p. What are the prime factors of x?
3, 47
Let w(n) = n**3 + 5*n**2 - 4*n + 12. Let x(v) = -v**2 - v + 1. Let h(f) = w(f) - 2*x(f). List the prime factors of h(-7).
2, 3
Suppose 0 = 3*r + 2*r - 1000. List the prime factors of r.
2, 5
Suppose 2*h = 7*h - 75. What are the prime factors of h?
3, 5
Suppose -5*p - 183 = -4*n, 4*p - 4*n - 2 = -146. What are the prime factors of 3 - 1*p - 0?
2, 3, 7
Let b(u) be the second derivative of u**5/20 + u**4/6 - u**3/2 - 3*u**2/2 + u. List the prime factors of b(-2).
3
Suppose 2*d + 33 = 4*k + 7*d, d + 1 = 3*k. Suppose 5*m - k*c = 55, -m + 0*c - c = -11. What are the prime factors of m?
11
What are the prime factors of (2 - (0 - -30))*-2?
2, 7
Let b = 17 - -42. What are the prime factors of b?
59
Suppose 0 = 2*v - 0*v + 4*s + 592, 25 = 5*s. What are the prime factors of 4/(-6)*v/6?
2, 17
Suppose 3*g = 3, 26 = 5*q + 4*g - 8*g. What are the prime factors of q?
2, 3
Let h = 64 - 29. List the prime factors of h.
5, 7
Suppose u - 58 = 5*m, m = 4*u - 2*m - 283. List the prime factors of u.
73
Let z(t) = -12*t**2 - t + 1. Let g be z(1). Let x = 15 + g. List the prime factors of x.
3
Let j = 6 + -4. Suppose p + 12 = -j*p. Let a(b) = b + 7. What are the prime factors of a(p)?
3
Let s = -17 - -22. Suppose -s*p + 2*b = -146, 3 = 2*b - 1. What are the prime factors of p?
2, 3, 5
Suppose 4*s + i - 9 = 0, -3*s = 3*i - 10 + 1. Suppose 2*v + s = 6. Suppose -v*y = n - 17 + 1, -3*y = 5*n - 87. What are the prime factors of n?
2, 3
Let w = -10 + 38. What are the prime factors of w?
2, 7
Let p(w) = 7*w**2 + 3*w. Let a(o) be the first derivative of -14*o**3/3 - 7*o**2/2 - 1. Let h(i) = 4*a(i) + 9*p(i). What are the prime factors of h(1)?
2, 3
Suppose 0*p - 184 = -4*p. Suppose -3*c - 7 = -p. What are the prime factors of c?
13
Suppose 7*m - 9*m + 8 = 0. What are the prime factors of m?
2
Let f(h) = -2*h - 8. Let b be f(-6). Suppose -2*r + p + 5 = 0, 2*r - b*r + 2*p = -2. List the prime factors of r.
2
Suppose -d + 154 = d. What are the prime factors of d?
7, 11
Let y = -23 - -23. Suppose -3*s - j + 88 = 0, -4*s - 5*j + 2*j + 124 = y. List the prime factors of s.
2, 7
Suppose 2*a = 4*z + 56, 0 = 4*z + 11 + 5. Suppose a = 4*m, 2*p - 3 = 4*m + 3. List the prime factors of p.
13
Let b = 195 - 102. Let g = b + -41. List the prime factors of g.
2, 13
Suppose -y = 2*y + 66. What are the prime factors of 4/y + 145/11?
13
Let j be -2 + (0 - -3) + 24. Suppose -j = -2*f + 21. Suppose -2*c + 0*c - 3*x + f = 0, -3*c + 37 = 2*x. List the prime factors of c.
13
Let x = -9 + 13. Suppose -5*b + 5 = 2*n - 0*n, 0 = -x*n - 2*b + 2. Suppose -j + 4*j + 3*r - 24 = n, -4*r + 20 = 0. What are the prime factors of j?
3
Suppose f - 6*f - 3*d = -2, -4*f = -4*d - 8. List the prime factors of ((-3)/(-6))/(f/16).
2
Let d = -52 - -113. What are the prime factors of d?
61
Suppose -6*m + 10*m - 348 = 0. What are the prime factors of m?
3, 29
Let n(h) = -h**3 + 3*h**2 - h + 3. Let f(s) = -s**3 + 4*s**2 + 6*s - 2. Let b be f(5). Let p be n(b). Suppose -3*r = -p*r - 9. List the prime factors of r.
3
Suppose -7 = -4*n + 201. What are the prime factors of n?
2, 13
Let d = 14 - 10. Suppose -2 = -2*q + d*q. What are the prime factors of ((-4)/2)/(q/8)?
2
Let l = 7 + 3. List the prime factors of l.
2, 5
Suppose 2*w - 116 = -4. Suppose y + y = -w. Let b = 39 + y. What are the prime factors of b?
11
Let l(h) = 13*h**2 + 13*h + 26. List the prime factors of l(-3).
2, 13
Suppose 4*x = 8 + 8. Suppose 0*j + 2 = 2*d - 2*j, 0 = -5*d - x*j + 32. Suppose -d*q = -2*q - 22. List the prime factors of q.
11
Let t(d) = -d**2 - 4*d + 7. Let i be t(-5). What are the prime factors of i/3*(-54)/(-4)?
3
Let i be -24*(0 + 3/(-9)). Let c be (-124)/((0 - 2) + 1). List the prime factors of c/i + (-1)/(-2).
2
Suppose -5*t - 5 = 0, 3*i - 2*t + 19 - 183 = 0. List the prime factors of i.
2, 3
Let y = -14 + 17. Suppose -4*z + 3*z + 27 = y*i, -3*i + 51 = 3*z. What are the prime factors of z?
2, 3
Suppose 3*i + 3*o + o = -9, 0 = -2*i - 4*o - 10. Suppose 4*r + 4*x = 28, 0 = x - i - 2. What are the prime factors of r?
2
Let l(f) = 3*f**2 - 2*f + 1. Let i be l(1). Suppose -52 = -i*g - 2*s, -3*g - 2*